at is the greatest common divisor of o and d?
22
Let k be ((-14)/(-3))/(-1 + (-8)/(-6)). Suppose -15*r + 21 = -k*r. Suppose 0 = -17*h + r*h - 912. What is the highest common factor of 12 and h?
12
Let d(w) = w**2 - 3*w - 22. Suppose -g - 9 = c, 7 = -3*c - 2*g - 21. Let o be d(c). What is the highest common divisor of 144 and o?
36
Let u(i) = -i**2 + 26. Let d be 5*(3 + 2/(-1)). Let o be (-1 + 1)/d*-1. Let h be u(o). Calculate the highest common divisor of h and 13.
13
Let s = -343 - -347. Suppose 14*k - s*y + 124 = 16*k, 2*y = 2. Calculate the greatest common divisor of k and 165.
15
Let m be 102/357*(0 + (198 - 2)). Calculate the greatest common factor of m and 126.
14
Let n = -29 + 35. Let b(t) = 3*t**2 - 4*t - 64. Let y be b(n). What is the highest common factor of y and 40?
20
Let i(w) = 16*w. Let a be i(5). Let p(x) = 3*x**2 + 62*x + 35. Let t be p(-20). Let u be 31 + (-15)/9*3/t. Calculate the greatest common divisor of a and u.
16
Suppose -9*i = -633 + 516. What is the highest common divisor of i and 1053?
13
Suppose 0 = -194*o + 280*o - 1204. What is the highest common divisor of 11193 and o?
7
Suppose 0 = -4*m - n - 17 - 5, -m = 3*n. Let l be (m + 7 + 8)/(2/42). Let i be -2 - 3/6*-58. What is the highest common factor of i and l?
27
Let c(l) = 5*l**2 - 42*l - 18. Let p be c(10). Suppose p*i + 644 = 64*i. What is the greatest common divisor of i and 46?
46
Suppose -f - 4*b = 123, 18*f + 138 = 17*f - b. Let a be f/(-2)*-6*(-45)/27. What is the greatest common factor of 65 and a?
65
Let r = 53 + -25. Let d = 133 - 136. Let s be ((-39)/(-9) + d)*21*9. What is the greatest common divisor of s and r?
28
Suppose 0 = -23*h - h + 12840. Suppose 2*v - 14 = 8. Suppose 0 = v*l - 92 - h. Calculate the greatest common factor of l and 19.
19
Let u be ((-1156)/255)/(1/20)*-39. Calculate the highest common factor of u and 364.
52
Suppose 2 = -2*s + 4, 5*s = -5*t + 250. Let q = -45 + t. Let l be -3*q/12 + 11. What is the highest common factor of l and 5?
5
Let n = 17 - -33. Let a(r) = r**2 + 19*r + 62. Let l be a(-15). Let v be (1 - -6) + 13 - (2 - l). What is the highest common factor of n and v?
10
Let a be ((-20)/12)/((-20)/24). Suppose 2*h + 3*c = 10, -a*c + 6*c = -8. What is the greatest common divisor of h and 72?
8
Suppose -880 = -4*s + 224. Suppose -s = -11*r + 5*r. Calculate the highest common divisor of 253 and r.
23
Suppose -116186 = -20*f - 7266. Calculate the highest common divisor of 14 and f.
14
Suppose 7*y - 2*y = 3*q - 62, 2*q + 4*y = 78. Let b = -1224 + 1456. Calculate the highest common divisor of b and q.
29
Let s be 3/1 - (2 + -1 + -323). Let t = 469 - s. Calculate the greatest common divisor of 48 and t.
48
Let a be 1 - ((-1)/(-2))/(30/(-540)). Let p be 1 + a/(-9) - (-27440)/720. Calculate the highest common divisor of p and 133.
19
Let h(c) = -43*c - 864. Let w be h(-22). Calculate the highest common factor of w and 7093.
41
Suppose 29*k - 193256 = -29*k. What is the greatest common factor of 136 and k?
68
Let i = -1296 - -2990. Calculate the greatest common factor of 294 and i.
14
Let z be (-6)/(-5)*20/(-6). Let w be 4 - 16/z - 4. Suppose 4*t + 38 + 128 = 3*v, 5*v - w*t - 274 = 0. Calculate the greatest common factor of v and 6.
6
Suppose -1142*n + 1289 = -1108*n - 411. What is the highest common factor of n and 190?
10
Let z = -255 + 274. Let l be z/2 - (6 + (-52)/8). Calculate the highest common factor of l and 5.
5
Suppose -90*a + 1114 = -86*a - 2*v, 838 = 3*a + v. Calculate the highest common divisor of 1178 and a.
31
Let r(f) = -12*f + 452. Let w be r(35). Let h be (-7)/((-42)/(-4)) + (-310)/(-15). Calculate the greatest common divisor of h and w.
4
Suppose 4*j - r - 7635 + 6698 = 0, 5*r + 909 = 4*j. What is the greatest common divisor of 5487 and j?
59
Let j(y) = -y**2 - 21*y + 655. Let g be j(-36). Calculate the highest common divisor of 667 and g.
23
Let s = -6776 - -6835. Suppose -2*y = 5*m - 4132, -m = -4*y - y - 821. Calculate the greatest common factor of s and m.
59
Suppose 9402 = 3*k + 3*v, -1496*v + 1491*v + 12541 = 4*k. Calculate the greatest common factor of k and 21.
21
Suppose 42*n = 46*n - 756. Let s be 6/(-9)*(64/(-1) - -1). Calculate the greatest common divisor of n and s.
21
Let x(d) = 2*d**3 + d**2 + 12*d - 55. Let z be x(3). What is the greatest common divisor of 9812 and z?
44
Let z be 15/3 + 1*(-3)/1. Let a be 0/(-16 - -3) + 11. Calculate the highest common factor of z and a.
1
Let s(l) = -2*l**2 + 6*l + 1. Suppose -2*m - m = -69. Suppose m = 6*o + 5. Let t be s(o). What is the highest common factor of t and 8?
1
Let a(g) = -88*g - 2010. Let p be a(-23). Calculate the greatest common factor of p and 16.
2
Let r = -4234 - -5466. What is the highest common factor of r and 448?
112
Suppose 73*y + 131*y + 49*y - 79948 = 0. What is the highest common factor of 212 and y?
4
Let t = -18457 + 18532. Calculate the greatest common divisor of t and 2500.
25
Let t = -49704 - -50856. Suppose 3*v + 1 = 37. Calculate the greatest common factor of v and t.
12
Suppose 0 = -145*a + 104*a + 2296. What is the highest common factor of 532 and a?
28
Let o be -14*(0 + -6 - -2). Let a = 290 + -252. Suppose 3*i - n = 2*n + 27, -5*i - 2*n + a = 0. What is the greatest common divisor of i and o?
8
Let i be (-6)/10 - (-513)/5. Let c(q) = 2*q**2 - 23*q - 48. Let p be c(-2). What is the greatest common factor of i and p?
6
Let t = 6364 + -6355. Calculate the highest common factor of t and 8703.
9
Suppose 46*w + 30*w = 29*w + 70500. Calculate the highest common divisor of w and 90.
30
Suppose t - 41 = -9. Suppose 0 = 9*k + 7*k - t. Calculate the greatest common factor of k and 10.
2
Suppose 0*b - 4*b = 5*q - 330, -3*b = 0. Let w = q - 64. Let h be 1*w + (-744)/(-6). What is the highest common divisor of h and 18?
18
Suppose 5*d - 33 = -3*q, -4*d - 3*q + 7*q + 52 = 0. Let t(n) = -63*n**2 + 259*n - 1. Let b be t(4). Calculate the highest common factor of b and d.
9
Suppose 0 = -7*l + 4*l - 9, -4*l - 552 = -3*u. Suppose -14 = -3*s - 2. Let d be ((-54)/s)/((-24)/128). Calculate the greatest common divisor of u and d.
36
Let v be 40/(-50) + (-92252)/(-40) - 3/2. What is the greatest common divisor of v and 36?
36
Suppose 13*g = 10*g - 18, -48 = -3*o - 2*g. What is the highest common factor of o and 60?
20
Let y(k) = -k**3 + k**2 + k. Let p(v) = 83*v**3 - 4*v. Let q(c) = p(c) + 2*y(c). Let w = -2 + 3. Let r be q(w). Calculate the highest common divisor of 9 and r.
9
Suppose -2*c + 44 + 875 = 3*q, -2*c = -5*q + 1553. What is the greatest common divisor of 2575 and q?
103
Let l(j) = j + 16. Let m be l(-8). Suppose 100*d - 96*d - m = 0. Suppose 5*t = -d*a + a + 283, -3*a = 6. What is the greatest common factor of 19 and t?
19
Suppose -2*v = -5*v + 228. Let d = 205 + -541. Let s = d - -374. What is the greatest common divisor of v and s?
38
Suppose -312 = -7*m - m. Suppose 0 = 2*l + 21 - m. Calculate the highest common divisor of 216 and l.
9
Let u(x) = x**3 - 32*x**2 - 85*x + 713. Let w be u(34). Calculate the highest common factor of w and 5913.
27
Suppose 61*y - 32450 = -19*y + 25*y. Calculate the greatest common factor of y and 649.
59
Let y = 25 - 26. Let o be 3 + 5/10*26 + y. Calculate the greatest common divisor of 15 and o.
15
Suppose -180*z - 825 = -235*z. Calculate the highest common factor of z and 835.
5
Let x(u) = -46*u**3 + 7*u + 5*u**2 + 47*u**3 + 3 - 9*u - 7. Let b be x(-5). What is the highest common divisor of b and 558?
6
Suppose b = -2, 4*i - 3*b - 368 + 62 = 0. Suppose 10*s + i = 15*s. Calculate the greatest common factor of s and 25.
5
Suppose 4*z - p = 1818 - 213, 0 = -5*z + 3*p + 2015. What is the greatest common factor of z and 1100?
100
Let s(k) = -20 - k**2 + 126*k + 135*k - 271*k. Suppose -13 = 3*z - 1. Let b be s(z). Calculate the highest common divisor of 14 and b.
2
Suppose -2*f = -a - 13, -f + 5 - 9 = 3*a. Let o = 21 + -11. Let r be 6/o + 3349/85. What is the greatest common factor of f and r?
5
Let b = -8 + 17. Suppose -2*o - 7 = -5*s, 0 = -2*o - o + 4*s. Suppose -r - 3*z - 282 = -4*r, o*r = -5*z + 421. Calculate the highest common factor of b and r.
9
Suppose -2*a + 16 = 0, 1166*b = 1171*b + a - 248. What is the highest common factor of b and 1398?
6
Let x(t) = 2*t**2 - 20*t - 42. Let w be x(12). Let g b